5 a factor of 5854393129?
False
Does 87 divide 264886812?
True
Does 7 divide 6562503?
False
Is 475617880 a multiple of 380?
True
Is 68839705 a multiple of 132?
False
Does 2 divide 25852576?
True
Is 10159010 a multiple of 30?
False
Does 3 divide 196093164?
True
Is 380666924 a multiple of 13?
False
Is 29093988 a multiple of 231?
True
Is 244140 a multiple of 60?
True
Is 121566433 a multiple of 5?
False
Does 105 divide 8864310?
True
Is 417234754 a multiple of 2?
True
Is 265 a factor of 623875104?
False
Is 4647 a factor of 81570019?
False
Does 41 divide 100385056?
True
Is 18 a factor of 9536652?
True
Is 1821 a factor of 92210372?
False
Is 733 a factor of 20554927?
False
Is 872 a factor of 93109609?
False
Does 1423 divide 17504323?
True
Is 113 a factor of 906953338?
False
Is 40564297 a multiple of 19?
True
Does 994 divide 2869678?
True
Is 12 a factor of 2065604664?
True
Is 16 a factor of 179172608?
True
Is 1064199316 a multiple of 131?
False
Is 439 a factor of 2678497363?
False
Is 9028202 a multiple of 104?
False
Is 895232470 a multiple of 11?
True
Is 16 a factor of 2134944?
True
Is 949 a factor of 26384098?
True
Does 321 divide 675789744?
True
Is 16330486 a multiple of 95?
False
Is 16267235 a multiple of 25?
False
Is 8986552 a multiple of 1465?
False
Is 478189451 a multiple of 1907?
False
Is 361 a factor of 74284053?
True
Is 961 a factor of 31337036?
False
Is 1721 a factor of 29785347?
True
Is 334637722 a multiple of 6082?
True
Is 106 a factor of 10585690?
True
Is 465261695 a multiple of 12?
False
Is 3 a factor of 15952871?
False
Is 32484298 a multiple of 814?
True
Is 1037573138 a multiple of 44?
False
Is 122 a factor of 700257499?
False
Is 912036370 a multiple of 12035?
True
Is 50 a factor of 1076345250?
True
Does 1238 divide 293860346?
True
Is 522843307 a multiple of 295?
False
Does 15 divide 20330109?
False
Is 542918118 a multiple of 10?
False
Is 132 a factor of 40164307?
False
Is 3942615 a multiple of 656?
False
Is 517 a factor of 233080116?
False
Is 530 a factor of 533226320?
False
Is 2131 a factor of 348949648?
False
Does 76 divide 38479332?
True
Is 845 a factor of 75898455?
False
Is 76 a factor of 63015628?
True
Is 63 a factor of 341805247?
False
Is 118 a factor of 183428404?
True
Does 564 divide 20713285?
False
Is 58758155 a multiple of 15?
False
Is 2064 a factor of 698213365?
False
Is 54963000 a multiple of 1576?
True
Is 266062666 a multiple of 163?
False
Is 1688 a factor of 43904876?
False
Is 1269 a factor of 167899112?
False
Is 27356775 a multiple of 69?
True
Is 2724920371 a multiple of 17?
False
Does 25 divide 110998363?
False
Is 32 a factor of 22519080?
False
Is 20 a factor of 37281220?
True
Is 2 a factor of 2454805?
False
Is 4874059 a multiple of 6?
False
Is 4056712 a multiple of 22?
True
Does 8 divide 26872359?
False
Is 7 a factor of 134651090?
True
Is 221 a factor of 2806068541?
False
Does 22 divide 217430598?
True
Is 124 a factor of 37316361?
False
Does 183 divide 3736876470?
True
Is 48 a factor of 1405358544?
True
Is 4676403 a multiple of 3?
True
Does 245 divide 25528020?
True
Is 12705330 a multiple of 11?
True
Is 737 a factor of 4435573329?
True
Is 16370058 a multiple of 57?
True
Is 269 a factor of 13382750?
True
Is 116 a factor of 54824616?
True
Does 1200 divide 48879660?
False
Does 21 divide 38055171?
True
Is 1786474614 a multiple of 1042?
True
Is 88570598 a multiple of 369?
False
Does 95 divide 984242187?
False
Is 3 a factor of 548625418?
False
Does 125 divide 313883025?
False
Is 3253 a factor of 419658395?
False
Is 2170 a factor of 683615388?
False
Is 1015913110 a multiple of 13?
False
Does 5240 divide 221442400?
True
Is 87 a factor of 86954934?
True
Is 1977 a factor of 12492663?
True
Is 8437956 a multiple of 58?
True
Does 13 divide 2065847443?
False
Is 3864829287 a multiple of 60?
False
Is 16 a factor of 6864148?
False
Is 52590218 a multiple of 12?
False
Does 8 divide 4664354?
False
Is 36 a factor of 140293669?
False
Is 2361373790 a multiple of 5741?
False
Is 172568475 a multiple of 45?
True
Is 4106364966 a multiple of 31?
True
Does 1109 divide 108615460?
True
Is 108 a factor of 293771772?
True
Does 13 divide 48650251?
True
Is 900 a factor of 107237484?
False
Does 56 divide 398007060?
False
Is 29 a factor of 33542994?
False
Is 4 a factor of 5897777?
False
Does 109 divide 97415418?
False
Does 377 divide 3256145576?
False
Is 244549367 a multiple of 12?
False
Is 147633410 a multiple of 1726?
True
Is 509 a factor of 17889314?
True
Does 5245 divide 2426472473?
False
Does 1450 divide 10819473?
False
Does 310 divide 25745553?
False
Does 196 divide 4552884?
True
Does 18 divide 2642058?
True
Does 6263 divide 678790203?
True
Is 1028073953 a multiple of 449?
True
Is 104592630 a multiple of 30?
True
Is 255982650 a multiple of 814?
True
Is 25 a factor of 23009766?
False
Is 490425123 a multiple of 247?
False
Is 338927999 a multiple of 929?
True
Does 490 divide 21758940?
True
Is 66455280 a multiple of 230?
True
Is 20 a factor of 123124760?
True
Does 138 divide 244543057?
False
Is 995 a factor of 67938600?
True
Is 24 a factor of 24262752?
True
Does 1478 divide 13240397?
False
Is 218 a factor of 2100396646?
True
Does 120 divide 69854760?
True
Is 630182909 a multiple of 467?
False
Is 332831142 a multiple of 6?
True
Is 80 a factor of 41974320?
True
Does 894 divide 4235773788?
True
Is 5 a factor of 33107670?
True
Is 315 a factor of 10258541?
False
Does 2996 divide 246810480?
True
Is 10787517 a multiple of 411?
True
Is 35116970 a multiple of 145?
True
Is 20 a factor of 27833424?
False
Is 825337142 a multiple of 26?
False
Does 688 divide 1543054122?
False
Is 69 a factor of 219417940?
False
Is 26384823 a multiple of 5?
False
Does 132 divide 55805432?
False
Is 92 a factor of 69830760?
True
Does 90 divide 6082919660?
False
Is 17826510 a multiple of 26?
True
Does 62 divide 127672384?
True
Is 8570858 a multiple of 23?
True
Is 72655735 a multiple of 22?
False
Is 1162388261 a multiple of 15?
False
Is 19 a factor of 217935199?
False
Is 12 a factor of 179222712?
True
Is 792813 a multiple of 21?
True
Is 697 a factor of 483175070?
False
Is 10815532 a multiple of 301?
True
Is 127523504 a multiple of 61?
False
Is 139 a factor of 104827522?
False
Does 2 divide 3838697?
False
Is 9918358 a multiple of 60?
False
Is 6090633 a multiple of 27?
True
Does 242 divide 149668834?
False
Is 8 a factor of 569887235?
False
Is 5326 a factor of 988341528?
False
Is 40134478 a multiple of 1657?
False
Is 123 a factor of 1794987462?
True
Does 5 divide 28390603?
False
Is 662 a factor of 26741403?
False
Does 16 divide 122307070?
False
Is 539823323 a multiple of 114?
False
Is 3 a factor of 7519540?
False
Is 365 a factor of 192330545?
True
Does 21 divide 130068729?
True
Is 36315648 a multiple of 3?
True
Is 1824807141 a multiple of 417?
False
Is 817453548 a multiple of 4007?
False
Is 2257378453 a multiple of 11?
True
Is 811227119 a multiple of 10723?
True
Is 59840325 a multiple of 16?
False
Is 20564804 a multiple of 14?
False
Does 934 divide 225909382?
True
Does 2890 divide 7234801?
False
Does 41 divide 16731116?
True
Is 20 a factor of 48096340?
True
Does 960 divide 543673379?
False
Does 918 divide 68076126?
True
Does 12 divide 416344463?
False
Does 650 divide 43205500?
True
Is 140784088 a multiple of 119?
False
Does 1327 divide 129275013?
True
Does 134 divide 58962814?
True
Is 477967088 a multiple of 35?
False
Does 47 divide 4779185309?
False
Does 10 divide 2354232760?
True
Is 5 a factor of 276064385?
True
Is 20414016 a multiple of 252?
True
Is 3015258 a multiple of 6?
True
Is 271761864 a multiple of 1672?
True
Is 1012457128 a multiple of 2362?
True
Is 6 a factor of 198371364?
True
Is 203911230 a multiple of 915?
False
Is 5929718460 a multiple of 2078?
True
Is 25 a factor of 1085627415?
False
Does 58 divide 1581896166?
False
Is 1112237726 a multiple of 5773?
True
Does 36 divide 408273110?
False
Is 15 a factor of 11259375?
True
Is 24572502 a multiple of 63?
False
Does 217 divide 31989923?
True
Is 482402750 a multiple of 4?
False
Does 34 divide 2484450?
False
Is 2052730 a multiple of 24?
False
Is 45 a factor of 161268075?
True
Does 1259 divide 5545712332?
False
Is 3121216802 a multiple of 11?
True
Is 322689486 a multiple of 71?
False
Does 4 divide 34688436?
True
Does 2502 divide 31